{"id":5535,"date":"2023-03-16T08:11:00","date_gmt":"2023-03-16T07:11:00","guid":{"rendered":"http:\/\/mobot.mg\/research\/?page_id=5535"},"modified":"2023-03-16T08:40:04","modified_gmt":"2023-03-16T07:40:04","slug":"liste-rouge","status":"publish","type":"page","link":"https:\/\/mobot.mg\/research\/liste-rouge\/","title":{"rendered":"Liste Rouge"},"content":{"rendered":"\t\t<div data-elementor-type=\"wp-page\" data-elementor-id=\"5535\" class=\"elementor elementor-5535\">\n\t\t\t\t\t\t<section class=\"elementor-section elementor-top-section elementor-element elementor-element-3903140 elementor-section-boxed elementor-section-height-default elementor-section-height-default\" data-id=\"3903140\" data-element_type=\"section\" data-settings=\"{&quot;background_background&quot;:&quot;classic&quot;,&quot;sticky&quot;:&quot;top&quot;,&quot;sticky_on&quot;:[&quot;desktop&quot;,&quot;tablet&quot;,&quot;mobile&quot;],&quot;sticky_offset&quot;:0,&quot;sticky_effects_offset&quot;:0}\">\n\t\t\t\t\t\t\t<div class=\"elementor-background-overlay\"><\/div>\n\t\t\t\t\t\t\t<div class=\"elementor-container elementor-column-gap-default\">\n\t\t\t\t\t<div class=\"elementor-column elementor-col-100 elementor-top-column elementor-element elementor-element-c10a4d5\" data-id=\"c10a4d5\" data-element_type=\"column\" data-settings=\"{&quot;mdp_selection_sticky_column_effect_enable&quot;:false}\">\n\t\t\t<div class=\"elementor-widget-wrap elementor-element-populated\">\n\t\t\t\t\t\t<div class=\"elementor-element elementor-element-1cfa2cb elementor-nav-menu__align-center elementor-nav-menu--dropdown-tablet elementor-nav-menu__text-align-aside elementor-nav-menu--toggle elementor-nav-menu--burger elementor-widget elementor-widget-nav-menu\" data-id=\"1cfa2cb\" data-element_type=\"widget\" data-settings=\"{&quot;layout&quot;:&quot;horizontal&quot;,&quot;submenu_icon&quot;:{&quot;value&quot;:&quot;&lt;i class=\\&quot;fas fa-caret-down\\&quot;&gt;&lt;\\\/i&gt;&quot;,&quot;library&quot;:&quot;fa-solid&quot;},&quot;toggle&quot;:&quot;burger&quot;}\" data-widget_type=\"nav-menu.default\">\n\t\t\t\t<div class=\"elementor-widget-container\">\n\t\t\t\t\t\t\t\t<nav migration_allowed=\"1\" migrated=\"0\" role=\"navigation\" class=\"elementor-nav-menu--main elementor-nav-menu__container elementor-nav-menu--layout-horizontal e--pointer-underline e--animation-fade\">\n\t\t\t\t<ul id=\"menu-1-1cfa2cb\" class=\"elementor-nav-menu\"><li class=\"menu-item menu-item-type-post_type menu-item-object-page menu-item-home menu-item-5203\"><a href=\"https:\/\/mobot.mg\/research\/\" class=\"elementor-item\">Accueil<\/a><\/li>\n<li class=\"menu-item menu-item-type-post_type menu-item-object-page menu-item-5565\"><a href=\"https:\/\/mobot.mg\/research\/ethnobotaniques\/\" class=\"elementor-item\">Ethnobotaniques<\/a><\/li>\n<li class=\"menu-item menu-item-type-post_type menu-item-object-page menu-item-5562\"><a href=\"https:\/\/mobot.mg\/research\/inventaires\/\" class=\"elementor-item\">Inventaires<\/a><\/li>\n<li class=\"menu-item menu-item-type-post_type menu-item-object-page menu-item-5563\"><a href=\"https:\/\/mobot.mg\/research\/base-de-donnees\/\" class=\"elementor-item\">Base de donn\u00e9es<\/a><\/li>\n<li class=\"menu-item menu-item-type-post_type menu-item-object-page menu-item-5561\"><a href=\"https:\/\/mobot.mg\/research\/bois-precieux\/\" class=\"elementor-item\">Bois pr\u00e9cieux<\/a><\/li>\n<li class=\"menu-item menu-item-type-post_type menu-item-object-page menu-item-5560\"><a href=\"https:\/\/mobot.mg\/research\/liste-rouge\/\" class=\"elementor-item\">Liste Rouge<\/a><\/li>\n<li class=\"menu-item menu-item-type-post_type menu-item-object-page menu-item-5494\"><a href=\"https:\/\/mobot.mg\/research\/orchidees\/\" class=\"elementor-item\">Orchid\u00e9es<\/a><\/li>\n<li class=\"menu-item menu-item-type-post_type menu-item-object-page menu-item-5664\"><a href=\"https:\/\/mobot.mg\/research\/news\/\" class=\"elementor-item\">News<\/a><\/li>\n<li class=\"menu-item menu-item-type-post_type menu-item-object-page menu-item-5717\"><a href=\"https:\/\/mobot.mg\/research\/gallery\/\" class=\"elementor-item\">Gallery<\/a><\/li>\n<li class=\"menu-item menu-item-type-post_type menu-item-object-page menu-item-5915\"><a href=\"https:\/\/mobot.mg\/research\/membres\/\" class=\"elementor-item\">Membres<\/a><\/li>\n<li class=\"menu-item menu-item-type-post_type menu-item-object-page menu-item-6137\"><a href=\"https:\/\/mobot.mg\/research\/aze\/\" class=\"elementor-item\">AZE<\/a><\/li>\n<\/ul>\t\t\t<\/nav>\n\t\t\t\t\t<div class=\"elementor-menu-toggle\" role=\"button\" tabindex=\"0\" aria-label=\"Menu Toggle\" aria-expanded=\"false\">\n\t\t\t<i aria-hidden=\"true\" role=\"presentation\" class=\"elementor-menu-toggle__icon--open eicon-menu-bar\"><\/i><i aria-hidden=\"true\" role=\"presentation\" class=\"elementor-menu-toggle__icon--close eicon-close\"><\/i>\t\t\t<span class=\"elementor-screen-only\">Menu<\/span>\n\t\t<\/div>\n\t\t\t<nav class=\"elementor-nav-menu--dropdown elementor-nav-menu__container\" role=\"navigation\" aria-hidden=\"true\">\n\t\t\t\t<ul id=\"menu-2-1cfa2cb\" class=\"elementor-nav-menu\"><li class=\"menu-item menu-item-type-post_type menu-item-object-page menu-item-home menu-item-5203\"><a href=\"https:\/\/mobot.mg\/research\/\" class=\"elementor-item\" tabindex=\"-1\">Accueil<\/a><\/li>\n<li class=\"menu-item menu-item-type-post_type menu-item-object-page menu-item-5565\"><a href=\"https:\/\/mobot.mg\/research\/ethnobotaniques\/\" class=\"elementor-item\" tabindex=\"-1\">Ethnobotaniques<\/a><\/li>\n<li class=\"menu-item menu-item-type-post_type menu-item-object-page menu-item-5562\"><a href=\"https:\/\/mobot.mg\/research\/inventaires\/\" class=\"elementor-item\" tabindex=\"-1\">Inventaires<\/a><\/li>\n<li class=\"menu-item menu-item-type-post_type menu-item-object-page menu-item-5563\"><a href=\"https:\/\/mobot.mg\/research\/base-de-donnees\/\" class=\"elementor-item\" tabindex=\"-1\">Base de donn\u00e9es<\/a><\/li>\n<li class=\"menu-item menu-item-type-post_type menu-item-object-page menu-item-5561\"><a href=\"https:\/\/mobot.mg\/research\/bois-precieux\/\" class=\"elementor-item\" tabindex=\"-1\">Bois pr\u00e9cieux<\/a><\/li>\n<li class=\"menu-item menu-item-type-post_type menu-item-object-page menu-item-5560\"><a href=\"https:\/\/mobot.mg\/research\/liste-rouge\/\" class=\"elementor-item\" tabindex=\"-1\">Liste Rouge<\/a><\/li>\n<li class=\"menu-item menu-item-type-post_type menu-item-object-page menu-item-5494\"><a href=\"https:\/\/mobot.mg\/research\/orchidees\/\" class=\"elementor-item\" tabindex=\"-1\">Orchid\u00e9es<\/a><\/li>\n<li class=\"menu-item menu-item-type-post_type menu-item-object-page menu-item-5664\"><a href=\"https:\/\/mobot.mg\/research\/news\/\" class=\"elementor-item\" tabindex=\"-1\">News<\/a><\/li>\n<li class=\"menu-item menu-item-type-post_type menu-item-object-page menu-item-5717\"><a href=\"https:\/\/mobot.mg\/research\/gallery\/\" class=\"elementor-item\" tabindex=\"-1\">Gallery<\/a><\/li>\n<li class=\"menu-item menu-item-type-post_type menu-item-object-page menu-item-5915\"><a href=\"https:\/\/mobot.mg\/research\/membres\/\" class=\"elementor-item\" tabindex=\"-1\">Membres<\/a><\/li>\n<li class=\"menu-item menu-item-type-post_type menu-item-object-page menu-item-6137\"><a href=\"https:\/\/mobot.mg\/research\/aze\/\" class=\"elementor-item\" tabindex=\"-1\">AZE<\/a><\/li>\n<\/ul>\t\t\t<\/nav>\n\t\t\t\t\t\t<\/div>\n\t\t\t\t<\/div>\n\t\t\t\t\t<\/div>\n\t\t<\/div>\n\t\t\t\t\t<\/div>\n\t\t<\/section>\n\t\t\t\t<section class=\"elementor-section elementor-top-section elementor-element elementor-element-20e2f1f elementor-section-boxed elementor-section-height-default elementor-section-height-default\" data-id=\"20e2f1f\" data-element_type=\"section\" data-settings=\"{&quot;background_background&quot;:&quot;classic&quot;,&quot;mdp_selection_sticky_effect_enable&quot;:false}\">\n\t\t\t\t\t\t\t<div class=\"elementor-background-overlay\"><\/div>\n\t\t\t\t\t\t\t<div class=\"elementor-container elementor-column-gap-default\">\n\t\t\t\t\t<div class=\"elementor-column elementor-col-100 elementor-top-column elementor-element elementor-element-40964f7\" data-id=\"40964f7\" data-element_type=\"column\" data-settings=\"{&quot;mdp_selection_sticky_column_effect_enable&quot;:false}\">\n\t\t\t<div class=\"elementor-widget-wrap elementor-element-populated\">\n\t\t\t\t\t\t<div class=\"elementor-element elementor-element-6921d2ef elementor-widget elementor-widget-heading\" data-id=\"6921d2ef\" data-element_type=\"widget\" data-widget_type=\"heading.default\">\n\t\t\t\t<div class=\"elementor-widget-container\">\n\t\t\t\t\t<h2 class=\"elementor-heading-title elementor-size-default\"><b>Liste rouge<\/b><br>de la flore de Madagascar \n<\/h2>\t\t\t\t<\/div>\n\t\t\t\t<\/div>\n\t\t\t\t<div class=\"elementor-element elementor-element-3174913 elementor-widget-divider--separator-type-pattern elementor-widget-divider--view-line elementor-widget elementor-widget-divider\" data-id=\"3174913\" data-element_type=\"widget\" data-widget_type=\"divider.default\">\n\t\t\t\t<div class=\"elementor-widget-container\">\n\t\t\t\t\t\t\t<div class=\"elementor-divider\" style=\"--divider-pattern-url: url(&quot;data:image\/svg+xml,%3Csvg xmlns=&#039;http:\/\/www.w3.org\/2000\/svg&#039; preserveAspectRatio=&#039;none&#039; overflow=&#039;visible&#039; height=&#039;100%&#039; viewBox=&#039;0 0 24 24&#039; fill=&#039;none&#039; stroke=&#039;black&#039; stroke-width=&#039;1&#039; stroke-linecap=&#039;square&#039; stroke-miterlimit=&#039;10&#039;%3E%3Cpath d=&#039;M0,6c6,0,6,13,12,13S18,6,24,6&#039;\/%3E%3C\/svg%3E&quot;);\">\n\t\t\t<span class=\"elementor-divider-separator\">\n\t\t\t\t\t\t<\/span>\n\t\t<\/div>\n\t\t\t\t\t\t<\/div>\n\t\t\t\t<\/div>\n\t\t\t\t<div class=\"elementor-element elementor-element-de86d37 elementor-widget elementor-widget-heading\" data-id=\"de86d37\" data-element_type=\"widget\" data-widget_type=\"heading.default\">\n\t\t\t\t<div class=\"elementor-widget-container\">\n\t\t\t\t\t<h2 class=\"elementor-heading-title elementor-size-default\">Liste rouge<\/h2>\t\t\t\t<\/div>\n\t\t\t\t<\/div>\n\t\t\t\t<div class=\"elementor-element elementor-element-8463fb6 elementor-widget elementor-widget-text-editor\" data-id=\"8463fb6\" data-element_type=\"widget\" data-widget_type=\"text-editor.default\">\n\t\t\t\t<div class=\"elementor-widget-container\">\n\t\t\t\t\t\t\t\t\tL\u2019institution MBG en tant que partenaire de l\u2019IUCN sur la Liste Rouge a un engagement dans le cadre de l\u2019entreprise \u00ab <a href=\"https:\/\/www.iucnredlist.org\/about\/barometer-of-life\">BAROMETER OF LIFE<\/a> \u00bb.\nIci localement au sein du PROGRAMME MADAGASCAR, une \u00e9quipe LISTE ROUGE s\u2019att\u00e8le activement \u00e0 l\u2019\u00e9valuation du risque d\u2019extinction pour la Liste Rouge des plantes de Madagascar par des propres projets du MBG ou par des projets de collaboration et la plupart en groupe th\u00e9matique. Cette \u00e9quipe participe surtout \u00e0 la validation des \u00e9valuations au cours des ateliers organis\u00e9s par le groupe SSC Groupe des Sp\u00e9cialistes des Plantes de Madagascar ou GSPM.\nLa Liste Rouge officielle publi\u00e9e pour la flore de Madagascar contient 4 842 esp\u00e8ces\/taxons (<a href=\"http:\/\/mobot.mg\/research\/wp-content\/uploads\/2023\/03\/Liste-Rouge-UICN-plantes-de-Madagascar_janv-2023.xlsx\">http:\/\/mobot.mg\/research\/wp-content\/uploads\/2023\/03\/Liste-Rouge-UICN-plantes-de-Madagascar_janv-2023.xlsx<\/a>) dont 60 % poss\u00e8dent des statuts menac\u00e9s. <a href=\"https:\/\/ibat-alliance.org\/country_profiles\/MDG\">https:\/\/ibat-alliance.org\/country_profiles\/MDG<\/a>\t\t\t\t\t\t\t\t<\/div>\n\t\t\t\t<\/div>\n\t\t\t\t<section class=\"elementor-section elementor-inner-section elementor-element elementor-element-a6647bf elementor-section-boxed elementor-section-height-default elementor-section-height-default\" data-id=\"a6647bf\" data-element_type=\"section\" data-settings=\"{&quot;mdp_selection_sticky_effect_enable&quot;:false}\">\n\t\t\t\t\t\t<div class=\"elementor-container elementor-column-gap-default\">\n\t\t\t\t\t<div class=\"elementor-column elementor-col-33 elementor-inner-column elementor-element elementor-element-0cbcd38\" data-id=\"0cbcd38\" data-element_type=\"column\" data-settings=\"{&quot;mdp_selection_sticky_column_effect_enable&quot;:false}\">\n\t\t\t<div class=\"elementor-widget-wrap elementor-element-populated\">\n\t\t\t\t\t\t<div class=\"elementor-element elementor-element-c3191d7 elementor-widget elementor-widget-eael-image-accordion\" data-id=\"c3191d7\" data-element_type=\"widget\" data-widget_type=\"eael-image-accordion.default\">\n\t\t\t\t<div class=\"elementor-widget-container\">\n\t\t\t\t\t    <div class=\"eael-img-accordion accordion-direction-horizontal eael-img-accordion-horizontal-align-center eael-img-accordion-vertical-align-center\" id=\"eael-img-accordion-c3191d7\" data-img-accordion-id=\"c3191d7\" data-img-accordion-type=\"on-hover\">\n                    \n            <div class=\"eael-image-accordion-hover eael-image-accordion-item\" style=\"background-image: url(http:\/\/mobot.mg\/research\/wp-content\/uploads\/2023\/03\/Ambrella-longituba.jpg);\"  tabindex=\"0\">\n                <div class=\"overlay\">\n                                        <div class=\"overlay-inner \">\n                        <a href=\"http:\/\/mobot.mg\/research\/wp-content\/uploads\/2023\/03\/Ambrella-longituba.jpg\"><h2 class=\"img-accordion-title\">Ambrella longituba<\/h2><\/a>                    <\/div>\n                <\/div>\n            <\/div>\n                <\/div>\n        <style typr=\"text\/css\">\n                    #eael-img-accordion-c3191d7 .eael-image-accordion-hover:hover {\n                        flex: 3 1 0% !important;\n                    }\n                    #eael-img-accordion-c3191d7 .eael-image-accordion-hover:hover:hover .overlay-inner * {\n                        opacity: 1;\n                        visibility: visible;\n                        transform: none;\n                        transition: all .3s .3s;\n                    }\n                <\/style>\t\t\t\t<\/div>\n\t\t\t\t<\/div>\n\t\t\t\t\t<\/div>\n\t\t<\/div>\n\t\t\t\t<div class=\"elementor-column elementor-col-33 elementor-inner-column elementor-element elementor-element-f62322e\" data-id=\"f62322e\" data-element_type=\"column\" data-settings=\"{&quot;mdp_selection_sticky_column_effect_enable&quot;:false}\">\n\t\t\t<div class=\"elementor-widget-wrap elementor-element-populated\">\n\t\t\t\t\t\t<div class=\"elementor-element elementor-element-4d82ceb elementor-widget elementor-widget-eael-image-accordion\" data-id=\"4d82ceb\" data-element_type=\"widget\" data-widget_type=\"eael-image-accordion.default\">\n\t\t\t\t<div class=\"elementor-widget-container\">\n\t\t\t\t\t    <div class=\"eael-img-accordion accordion-direction-horizontal eael-img-accordion-horizontal-align-center eael-img-accordion-vertical-align-center\" id=\"eael-img-accordion-4d82ceb\" data-img-accordion-id=\"4d82ceb\" data-img-accordion-type=\"on-hover\">\n                    \n            <div class=\"eael-image-accordion-hover eael-image-accordion-item\" style=\"background-image: url(http:\/\/mobot.mg\/research\/wp-content\/uploads\/2023\/03\/Leptonema-venosum_RABARIMANARIVO_279_AMR_a-scaled.jpg);\"  tabindex=\"0\">\n                <div class=\"overlay\">\n                                        <div class=\"overlay-inner \">\n                        <a href=\"http:\/\/mobot.mg\/research\/wp-content\/uploads\/2023\/03\/Leptonema-venosum_RABARIMANARIVO_279_AMR_a-scaled.jpg\"><h2 class=\"img-accordion-title\">Leptonema venosum_RABARIMANARIVO<br>_279_AMR_a<\/h2><\/a>                    <\/div>\n                <\/div>\n            <\/div>\n                <\/div>\n        <style typr=\"text\/css\">\n                    #eael-img-accordion-4d82ceb .eael-image-accordion-hover:hover {\n                        flex: 3 1 0% !important;\n                    }\n                    #eael-img-accordion-4d82ceb .eael-image-accordion-hover:hover:hover .overlay-inner * {\n                        opacity: 1;\n                        visibility: visible;\n                        transform: none;\n                        transition: all .3s .3s;\n                    }\n                <\/style>\t\t\t\t<\/div>\n\t\t\t\t<\/div>\n\t\t\t\t\t<\/div>\n\t\t<\/div>\n\t\t\t\t<div class=\"elementor-column elementor-col-33 elementor-inner-column elementor-element elementor-element-d52bc40\" data-id=\"d52bc40\" data-element_type=\"column\" data-settings=\"{&quot;mdp_selection_sticky_column_effect_enable&quot;:false}\">\n\t\t\t<div class=\"elementor-widget-wrap elementor-element-populated\">\n\t\t\t\t\t\t<div class=\"elementor-element elementor-element-4d63707 elementor-widget elementor-widget-eael-image-accordion\" data-id=\"4d63707\" data-element_type=\"widget\" data-widget_type=\"eael-image-accordion.default\">\n\t\t\t\t<div class=\"elementor-widget-container\">\n\t\t\t\t\t    <div class=\"eael-img-accordion accordion-direction-horizontal eael-img-accordion-horizontal-align-center eael-img-accordion-vertical-align-center\" id=\"eael-img-accordion-4d63707\" data-img-accordion-id=\"4d63707\" data-img-accordion-type=\"on-hover\">\n                    \n            <div class=\"eael-image-accordion-hover eael-image-accordion-item\" style=\"background-image: url(http:\/\/mobot.mg\/research\/wp-content\/uploads\/2023\/03\/Perrierosedum-madagascariense_cactuspro.jpg);\"  tabindex=\"0\">\n                <div class=\"overlay\">\n                                        <div class=\"overlay-inner \">\n                        <a href=\"http:\/\/mobot.mg\/research\/wp-content\/uploads\/2023\/03\/Perrierosedum-madagascariense_cactuspro.jpg\"><h2 class=\"img-accordion-title\">Perrierosedum-madagascariense_cactuspro<\/h2><\/a>                    <\/div>\n                <\/div>\n            <\/div>\n                <\/div>\n        <style typr=\"text\/css\">\n                    #eael-img-accordion-4d63707 .eael-image-accordion-hover:hover {\n                        flex: 3 1 0% !important;\n                    }\n                    #eael-img-accordion-4d63707 .eael-image-accordion-hover:hover:hover .overlay-inner * {\n                        opacity: 1;\n                        visibility: visible;\n                        transform: none;\n                        transition: all .3s .3s;\n                    }\n                <\/style>\t\t\t\t<\/div>\n\t\t\t\t<\/div>\n\t\t\t\t\t<\/div>\n\t\t<\/div>\n\t\t\t\t\t<\/div>\n\t\t<\/section>\n\t\t\t\t\t<\/div>\n\t\t<\/div>\n\t\t\t\t\t<\/div>\n\t\t<\/section>\n\t\t\t\t<\/div>\n\t\t","protected":false},"excerpt":{"rendered":"<p>Liste rougede la flore de Madagascar Liste rouge L\u2019institution MBG en tant que partenaire de l\u2019IUCN sur la Liste Rouge a un engagement dans le cadre de l\u2019entreprise \u00ab BAROMETER OF LIFE \u00bb. Ici localement au sein du PROGRAMME MADAGASCAR, une \u00e9quipe LISTE ROUGE s\u2019att\u00e8le activement \u00e0 l\u2019\u00e9valuation du risque d\u2019extinction pour la Liste Rouge [&hellip;]<\/p>\n","protected":false},"author":1,"featured_media":0,"parent":0,"menu_order":0,"comment_status":"closed","ping_status":"closed","template":"elementor_canvas","meta":{"footnotes":""},"class_list":["post-5535","page","type-page","status-publish","hentry"],"_links":{"self":[{"href":"https:\/\/mobot.mg\/research\/wp-json\/wp\/v2\/pages\/5535","targetHints":{"allow":["GET"]}}],"collection":[{"href":"https:\/\/mobot.mg\/research\/wp-json\/wp\/v2\/pages"}],"about":[{"href":"https:\/\/mobot.mg\/research\/wp-json\/wp\/v2\/types\/page"}],"author":[{"embeddable":true,"href":"https:\/\/mobot.mg\/research\/wp-json\/wp\/v2\/users\/1"}],"replies":[{"embeddable":true,"href":"https:\/\/mobot.mg\/research\/wp-json\/wp\/v2\/comments?post=5535"}],"version-history":[{"count":8,"href":"https:\/\/mobot.mg\/research\/wp-json\/wp\/v2\/pages\/5535\/revisions"}],"predecessor-version":[{"id":5554,"href":"https:\/\/mobot.mg\/research\/wp-json\/wp\/v2\/pages\/5535\/revisions\/5554"}],"wp:attachment":[{"href":"https:\/\/mobot.mg\/research\/wp-json\/wp\/v2\/media?parent=5535"}],"curies":[{"name":"wp","href":"https:\/\/api.w.org\/{rel}","templated":true}]}}